ppose 6*b = b. Let z be (-10 - -10)/(b - 1). Suppose z = -3*a + 2*i + 366 + 7, 500 = 4*a - 2*i. Is a prime?
True
Suppose 5*v - 11*v = 30. Is (25/v - -1) + 9 + 7406 a composite number?
False
Let q = -24153 - -273970. Is q a prime number?
False
Let m(a) be the third derivative of a**7/840 + a**6/18 - a**5/8 - 11*a**4/24 - 2*a**3 - 22*a**2. Let z(j) be the first derivative of m(j). Is z(-18) prime?
True
Let o(c) = 5*c + 75. Let b be o(-23). Is 1623/((-1)/(b/12 - -3)) a composite number?
False
Is (-1 + (-1)/(-2))/(5138175/(-1284542) - -4) prime?
True
Suppose 4*w - 3*m = 177 - 35, m = -2*w + 76. Suppose -w*i = -33*i - 1688. Is i composite?
True
Is (-15 + (-1 - -294637))/3 a prime number?
True
Let w = -141942 + 427363. Is w composite?
False
Suppose -3*a + 11 = -4. Suppose a*d - 10 = 0, 2*d + 20487 = 5*p - 2*d. Is p prime?
True
Let v(y) be the first derivative of 2*y**3/3 + 8*y**2 + 13*y + 7. Let s be v(-13). Suppose 4*w - 93 - s = 0. Is w composite?
False
Let l(k) = 3*k**3 - 17*k**2 + 13*k - 21. Let t(m) = -9 + 1 + 0 - 8*m**2 - 3 + 2*m**3 + 6*m. Let q(g) = -2*l(g) + 5*t(g). Is q(4) composite?
False
Suppose 172 = 3*h + 67. Let q be 12848/10 - (-7)/h. Let n = -819 + q. Is n a prime number?
False
Suppose -37*d + 244 = -52. Is (d/4)/((-4)/(-3566)) prime?
True
Let d be 7 - (-8)/(-12)*3. Suppose -159 = -d*v + 21. Let k = 21 + v. Is k a composite number?
True
Suppose -707*n + 12242 = -706*n + 5*o, -4*n + 49073 = 5*o. Is n a composite number?
False
Suppose 3*m + 28975 = -2*h, -22*h - 38624 = 4*m - 17*h. Is (-61 + m)/(1 - 2) a composite number?
True
Let f(r) = 19*r**2 - 18*r - 254. Suppose 5*z = y + 43, y = -4*y - 5*z - 125. Is f(y) a prime number?
False
Let p = -2287 - -5794. Suppose 13*k - 20504 = p. Is k composite?
False
Let n(r) = 4*r**3 - 86*r**2 + 12*r + 89. Is n(29) prime?
True
Let n(r) = 21126*r - 121. Is n(2) composite?
False
Let w = 131 - 106. Is -1 - (-28690)/w - 8/(-20) prime?
False
Suppose -3*x + 579 = 3*l, -4*x + 21*l - 24*l = -770. Is x a prime number?
True
Is (40/12)/(104/21082620) + -7 a composite number?
True
Let c = -5729 - -9644. Suppose 9511 - c = 4*s. Is s a composite number?
False
Suppose -4 = i - 0*i. Let u be 1/(10/(-75)*(-6)/i). Is (u/(5/(-2)))/(20/5410) composite?
False
Is 44/(-55)*(-21493255)/28 composite?
False
Let y(h) = 54355*h - 222. Is y(5) composite?
False
Let l = 2086689 + -342358. Is l a composite number?
False
Let w = 48228 - 33289. Is w composite?
False
Let t(h) = -24*h + 5 + 6 + 13*h + 410*h**2 + 9. Is t(3) a composite number?
False
Suppose -3*i - 2*d - 42 = d, i = 4*d - 4. Is (10 + i)/(0 + (-4)/1174) a composite number?
False
Let k = -2665 - -4634. Is k a composite number?
True
Let a(d) be the third derivative of -463*d**6/720 + d**5/40 - 13*d**4/12 - 22*d**2. Let r(k) be the second derivative of a(k). Is r(-2) composite?
False
Is ((2 - -154) + 17)/(2/386) a prime number?
False
Let m be (-27 + 22)/((-5)/2). Suppose -4*g + 5*y + 1036 = 0, -m*g + 518 = -y - 4*y. Is g prime?
False
Is 656882 - (31 + 4 + -22) a prime number?
False
Is (-4)/158 - 50049249/(-5609) a composite number?
False
Let k(a) = 126*a**2 + 14*a - 2. Suppose -8*b - 9 - 63 = 0. Is k(b) prime?
False
Let a(v) = -v**3 - 13*v**2 + 10*v + 21. Let h be a(-14). Suppose 17 = -4*b + h. Let d = 266 - b. Is d a prime number?
True
Let k = -185 - -190. Suppose 3*h + 31636 = k*p + 5*h, h = -3*p + 18981. Is p composite?
True
Suppose 0 = -11*d + 360214 - 3077. Is d a composite number?
False
Let y(i) be the third derivative of 19*i**5/6 - 5*i**4/8 + 17*i**3/3 - 316*i**2. Is y(-11) a composite number?
False
Let h(f) be the second derivative of -f**3/3 - 251*f**2 - 4*f. Let i be h(0). Let y = i + 1269. Is y a prime number?
False
Is (5/10)/(11/876194) a composite number?
False
Let f = 16 - 16. Suppose f = -2*g + 5*q + 4581, -23*g - 5*q = -19*g - 9177. Is g composite?
False
Is 70 + -74 - (-678385 + (0 - 2)) prime?
True
Suppose 0 = -u - 3*b - 84, -3*u - b - 2*b = 264. Let k = -85 - u. Suppose -3*r + 53 = k*q + 18, 4*r - 3*q = 66. Is r prime?
False
Is (4 - 2/((-64)/(-20760)))/(7/(-1204)) composite?
True
Suppose -10*q + 4291 = -1249. Suppose -1429 + 385 = 4*c. Let f = q + c. Is f a composite number?
False
Let d = 69284 + -26817. Is d a prime number?
True
Suppose -101*d + 106*d - 1932343 = -3*g, 4*d + 4*g - 1545868 = 0. Is d a composite number?
False
Is 100/480*-6 + (-3718419)/(-12) prime?
False
Suppose 410340 - 3900085 = -35*r. Is r a composite number?
False
Is (18/(-3))/(-2*6/46196) prime?
False
Let j = 537 + -530. Suppose 0 = b + 4*n - 12019, -9*b = -j*b + 4*n - 24030. Is b prime?
True
Suppose -2884*m = -3017*m + 80178119. Is m a prime number?
False
Let s(a) = 48*a**2 - 60*a - 1. Is s(-4) a prime number?
False
Suppose 0 = -3*o - 397 + 5569. Suppose -3*x + o = -9982. Let v = x + -1665. Is v composite?
False
Suppose 6*j = 112*j - 16*j - 3782790. Is j prime?
False
Let a = 640 - 636. Suppose l = 10*v - 11*v + 198, 0 = a*l - 4*v - 832. Is l a composite number?
True
Suppose -5*n = -239561 - 168949. Is n/90 + (24/10)/(-3) a prime number?
True
Is -1 + -5484*2528/(-48) composite?
False
Let x = 257 + 115. Suppose -367*a + x*a - 335 = 0. Is a composite?
False
Let d = 10253 - 6700. Suppose 3*n = -d - 3317. Is (12 - n)*(1 - -1)/4 a prime number?
True
Let x be ((-1)/3)/(4 - (-73)/(-18)). Is 388/x*(0 + 5157/18) composite?
True
Suppose -23042 + 7817 = -l. Suppose 6*b = -4539 + l. Is b a prime number?
False
Let t = 50404 + 151597. Is t composite?
False
Suppose -3*a + 2 = -j, 3*j + 6 = 6*j - 3*a. Is (((-1228)/3)/j)/((-3)/18) a prime number?
False
Let m = 89699 - 58014. Is m a prime number?
False
Let l(v) = -18 - 8*v + 150*v + 48*v. Let b be l(18). Suppose -2*f = -o - b, 0 = 2*o - 7*o + 20. Is f a composite number?
True
Let m(o) = -o**3 - 40*o**2 + 130*o - 185. Let g be m(-43). Let k(l) = -2*l. Let u be k(-2). Is u/(-2) + (-1 - -1) - g a composite number?
True
Let z be (-197)/(-2) + 2/(-4). Let w(h) = -z*h + 250*h - 3 + 182*h. Is w(1) composite?
False
Let q = 135 - 135. Suppose q = -w + 10 - 20. Is 4/w + (-87)/15*-123 a prime number?
False
Let k = -1 - -3. Let z(a) = 23*a**2 + 6*a - a**3 + 4*a**3 - 32*a**k - 1. Is z(9) a prime number?
True
Let x(y) = -y**2 + 9*y + 2. Let q be x(7). Let t = q + -2. Let c(j) = 62*j + 3. Is c(t) composite?
True
Suppose -221*s + 267293070 + 248074289 = 0. Is s composite?
True
Let z = 159982 - 57935. Is z a prime number?
False
Let z(i) = 160*i + 336. Let b(o) = -240*o - 505. Let f(w) = -5*b(w) - 7*z(w). Is f(14) a composite number?
True
Let a(m) be the second derivative of -107*m**3/6 + 45*m**2/2 - 2*m + 6. Is a(-14) a prime number?
True
Suppose -2 = l - 3*m, -l + 5*m - 5 = -1. Let o be ((-3)/l)/(2 + -3). Suppose -3*k + 1276 = 2*p, 4*p - 637 = o*p - 2*k. Is p composite?
False
Let v(o) = o - 21. Suppose -98 = -5*y - 18. Let c be v(y). Is (579/2)/(c/(-10)) a prime number?
False
Is 55184960/1360 - (-6)/(-34) a composite number?
False
Let h be 38/(-4)*(0 + -8 + 2). Is (38/h)/((-2)/(-3141)) a composite number?
True
Let z(m) = -m**2 + 7*m + 12. Let b be z(10). Is -579*(-1 + 330/b) - -5 composite?
True
Let x(c) = -1042*c + 327. Suppose 0 = -2*l + f - 11 + 2, 5*l = -3*f - 50. Is x(l) a prime number?
True
Let w = 12736 - -37831. Is w a prime number?
False
Let x be (-729)/72 + (-2)/(-16). Is (388/(-3))/(x/15) a prime number?
False
Suppose 4*j - 32 = 3*i, 4*i = j + 3*j - 36. Suppose j*q + 1590 = 9545. Is q a composite number?
True
Let g(d) = 1005*d**2 + 674*d - 14. Is g(-7) composite?
True
Let k = 280164 + 33565. Is k prime?
False
Let k(j) = -j**3 + 12*j**2 - 1. Let q be k(12). Let x be (-1)/((-5)/(-25)*q). Suppose 1635 = 5*d - 2*c, -4*d + 7*d + x*c - 1012 = 0. Is d a composite number?
True
Let w(l) = 392*l + 1. Let k(f) = 388*f + 5. Let n(q) = -1165*q - 14. Let i(s) = 8*k(s) + 3*n(s). Let g(t) = 5*i(t) + 6*w(t). Is g(3) a prime number?
True
Suppose 9*l = 10*l - x - 8, 2*x = -l - 1. Suppose 5 = -l*j, -g + 5*j - 1401 = -7009. Is g prime?
False
Suppose -s - 1045 = -2*f, -5*f + 3*f + 3*s + 1043 = 0. Let i be (-8)/(-3) + 3/9. Suppose d = b - f, 0*d = 4*b + i*d - 2064. Is b prime?
False
Let f = 607 - 577. Is (2 - (-17270)/f)/(1/3) composite?
False
Let c = 184375 + -63854. Is c a composite number?
True
Let v be ((-2)/(-3) - (-203840)/60) + 4. Let s = 956 + v. Is s a prime number?
